greatest common factor of 35 and 241392340.
35
Calculate the greatest common factor of 1190 and 82924980.
170
Calculate the greatest common divisor of 7581 and 358760717.
2527
Calculate the greatest common divisor of 120068 and 62140.
52
Calculate the highest common factor of 23952420 and 1260.
180
Calculate the highest common divisor of 64 and 74198760.
8
What is the highest common factor of 5663 and 2679?
1
Calculate the highest common factor of 282 and 22548767.
47
What is the greatest common factor of 4414872 and 5544?
1848
Calculate the highest common divisor of 278046105 and 5085.
1695
Calculate the greatest common divisor of 117371800 and 4200.
1400
What is the highest common divisor of 385475 and 50?
25
What is the greatest common divisor of 340 and 156586932?
68
Calculate the greatest common divisor of 66918 and 32262.
114
Calculate the greatest common divisor of 752734 and 233579.
163
Calculate the greatest common divisor of 1675139928 and 42.
42
Calculate the highest common divisor of 8090 and 350439384.
1618
Calculate the greatest common factor of 1877946 and 448.
14
What is the highest common divisor of 7515285 and 30?
15
What is the highest common divisor of 16232 and 29528?
8
What is the highest common factor of 964509045 and 45?
15
Calculate the greatest common factor of 211070 and 4230.
10
Calculate the greatest common divisor of 1122 and 3778998.
102
What is the highest common factor of 2136 and 94511592?
2136
What is the greatest common divisor of 2954 and 7778726?
422
What is the highest common divisor of 217009930 and 20?
10
What is the highest common factor of 35136 and 117364?
244
What is the greatest common factor of 2736040 and 77380?
1460
What is the highest common divisor of 277531960 and 6040?
6040
Calculate the greatest common factor of 225874 and 7832.
22
Calculate the greatest common factor of 109128 and 34266.
6
What is the highest common factor of 1686 and 32148086?
562
Calculate the highest common factor of 16689815 and 10885.
1555
Calculate the highest common factor of 348810 and 1979670.
2310
What is the highest common divisor of 8546186 and 370?
74
What is the highest common divisor of 337742402 and 398?
398
What is the greatest common divisor of 2289495 and 70645?
995
Calculate the highest common factor of 684360 and 14760.
360
Calculate the greatest common factor of 312 and 120600246.
78
Calculate the greatest common factor of 39836 and 12926.
46
What is the greatest common divisor of 3706195 and 10100?
505
Calculate the greatest common divisor of 12 and 2780013.
3
Calculate the highest common factor of 19393415 and 8380.
2095
Calculate the greatest common divisor of 491743 and 301.
7
Calculate the greatest common factor of 8 and 1069366744.
8
What is the highest common factor of 248 and 96144392?
248
What is the greatest common divisor of 339644 and 13284?
164
What is the highest common factor of 372683 and 158453?
193
Calculate the greatest common factor of 65520 and 974960.
560
What is the highest common factor of 1004468117 and 133?
19
Calculate the greatest common factor of 439849500 and 7340.
7340
What is the greatest common factor of 212 and 16547342?
106
What is the highest common divisor of 106790799 and 2?
1
What is the highest common divisor of 148477285 and 121?
121
Calculate the highest common factor of 19980 and 748140.
2220
Calculate the greatest common divisor of 5780 and 2860.
20
What is the highest common divisor of 308291666 and 43696?
5462
Calculate the greatest common divisor of 230910 and 3053.
43
What is the highest common factor of 288711800 and 416?
104
What is the highest common factor of 163574003 and 107?
107
Calculate the highest common factor of 25891 and 36038749.
1523
What is the highest common factor of 1098850 and 20175?
25
What is the highest common factor of 720 and 7218036?
36
What is the greatest common divisor of 49 and 3166121?
7
Calculate the greatest common divisor of 1024 and 3841856.
64
What is the greatest common factor of 395 and 153333786?
79
Calculate the highest common divisor of 28839177 and 10319.
607
What is the greatest common divisor of 16665480 and 570960?
4680
Calculate the greatest common factor of 265820032 and 1102.
1102
What is the highest common divisor of 1560468 and 70?
14
Calculate the greatest common divisor of 2226301 and 9970.
997
Calculate the greatest common factor of 11 and 1331737.
11
Calculate the greatest common divisor of 147074 and 443336.
302
Calculate the highest common divisor of 182608 and 2095144.
808
What is the greatest common divisor of 7275 and 9506?
97
Calculate the highest common divisor of 273996 and 120013.
43
What is the highest common divisor of 5060 and 155832380?
220
Calculate the greatest common factor of 5752507 and 46.
23
What is the highest common factor of 25828 and 2013572?
44
Calculate the highest common divisor of 518214804 and 116.
116
What is the greatest common divisor of 84 and 550579806?
42
What is the highest common factor of 125338983 and 322?
161
What is the highest common factor of 4 and 2205836?
4
Calculate the greatest common factor of 129597133 and 514.
257
What is the greatest common divisor of 92004 and 7450454?
374
Calculate the highest common factor of 3102868 and 28199.
163
What is the highest common factor of 95026900 and 200?
100
What is the greatest common factor of 19146039 and 561?
33
Calculate the highest common factor of 1776741 and 1645.
47
What is the highest common factor of 157 and 26396?
1
What is the greatest common factor of 59423749 and 22?
11
Calculate the highest common factor of 1239776 and 1720.
344
What is the highest common divisor of 40594060 and 11180?
260
Calculate the highest common factor of 1554372 and 8352.
36
What is the greatest common divisor of 18890060 and 1050?
70
What is the greatest common factor of 90818 and 29560261?
499
Calculate the greatest common factor of 2907800 and 105.
35
What is the greatest common factor of 26776686 and 696?
174
Calculate the greatest common factor of 72525 and 907275.
75
What is the greatest common divisor of 5947 and 59603?
19
Calculate the highest common divisor of 868 and 2394124.
4
What is the highest common divisor of 654 and 17534067?
327
What is the highest common divisor of 175717 and 47682?
883
What is the greatest common divisor of 2556 and 134488200?
852
Calculate the greatest common divisor of 820 and 38344430.
410
Calculate the greatest common divisor of 14189156 and 584.
292
What is the highest common divisor of 287 and 137514902?
287
What is the highest common divisor of 13147827 and 14553?
1617
Calculate the highest common divisor of 709722 and 44772.
78
Calculate the greatest common factor of 13363 and 6166070.
1909
Calculate the highest common divisor of 151657640 and 53696.
6712
Calculate the greatest common factor of 169540 and 1518020.
980
Calculate the greatest common divisor of 1287400 and 200.
200
What is the greatest common factor of 32991312 and 42?
6
Calculate the greatest common divisor of 19005 and 4558260.
105
Calculate the highest common factor of 724 and 1966356.
4
Calculate the highest common factor of 64 and 157286344.
8
What is the highest common factor of 1157 and 429780?
13
What is the highest common divisor of 432914 and 14213?
233
Calculate the highest common divisor of 39719965 and 140185.
2645
Calculate the greatest common factor of 5740964 and 874.
38
Calculate the highest common factor of 1313208 and 22632.
552
What is the greatest common factor of 2724114 and 68782?
578
Calculate the highest common factor of 149625 and 455700.
525
What is the highest common factor of 67015686 and 329088?
5142
What is the greatest common divisor of 4331 and 6507576?
71
Calculate the greatest common divisor of 1169 and 23523787.
1169
What is the highest common factor of 59 and 17000378?
59
What is the highest common factor of 111 and 8251?
37
What is the greatest common factor of 197912 and 28026?
346
Calculate the greatest common factor of 1954596 and 17724.
84
Calculate the highest common factor of 76776018 and 66.
66
What is the greatest common factor of 24983388 and 1432?
716
Calculate the greatest common divisor of 335280 and 305360.
880
Calculate the greatest common factor of 7315 and 20040